{"id":2576,"date":"2020-10-27T16:13:20","date_gmt":"2020-10-27T15:13:20","guid":{"rendered":"https:\/\/makeupbyrenata.ch\/?post_type=product&#038;p=2576"},"modified":"2020-10-27T17:57:24","modified_gmt":"2020-10-27T16:57:24","slug":"primer-occhi-fluido","status":"publish","type":"product","link":"https:\/\/makeupbyrenata.ch\/de\/shop\/occhi\/primer-occhi-fluido\/","title":{"rendered":"Primer Occhi  Fluido"},"content":{"rendered":"<div class=\"page\" title=\"Page 27\">\n<div class=\"section\">\n<div class=\"layoutArea\">\n<div class=\"column\">\n<p>INGREDIENTI CHIAVE:<\/p>\n<ul>\n<li>Polvere di bamb\u00f9 (Bambusa arundinacea stem powder): sostanza bianca estratta dalle giunture del bamb\u00f9. Grazie al suo elevato tenore in silice organica, remineralizza, idrata e partecipa alla rigenerazione della pelle attenuando il lucido delle pelli miste a grasse.<\/li>\n<li>Gel d\u2019aloe vera bio (Aloe barbadensis leaf juice): noto per le sue virt\u00f9 ammorbidenti e lenitive, il gel d\u2019aloe vera bio ripara e lenisce i contorni degli occhi pi\u00f9 fragili.<\/li>\n<li>Squalane vegetale (Squalane): estratto dall\u2019olio d\u2019oliva, lo squalano vegetale \u00e8 un derivato dello squalene, che \u00e8 un componente naturale del sebo umano. La sua eccellente affinit\u00e0 con la pelle, la sua somiglianza con i lipidi cutanei naturali e le sue propriet\u00e0 emollienti lo rendono l\u2019attivo ideale. Rafforza la barriera idrolipidica cutanea, ammorbidisce la pelle e la protegge dalla disidratazione.<\/li>\n<\/ul>\n<\/div>\n<\/div>\n<\/div>\n<\/div>\n","protected":false},"excerpt":{"rendered":"<div class=\"page\" title=\"Page 27\">\n<div class=\"section\">\n<div class=\"layoutArea\">\n<div class=\"column\">\n<div class=\"page\" title=\"Page 26\">\n<div class=\"section\">\n<div class=\"layoutArea\">\n<div class=\"column\">\n<div class=\"page\" title=\"Page 27\">\n<div class=\"section\">\n<div class=\"layoutArea\">\n<div class=\"column\">\n<p>Il Primer occhi fluido 258 \u00e8 una base perfetta per prolungare la tenuta di tutti gli ombretti e delle matite. Permette di fissare gli ombretti e ad intensificarne il loro colore. Al 100% d\u2019origine naturale, bio e vegan, la formula del Primer occhi fluido Zao contiene dell&#8217;Aloe Vera idratante per decongestionare e lenire gli occhi sensibili.<\/p>\n<\/div>\n<\/div>\n<\/div>\n<\/div>\n<\/div>\n<\/div>\n<\/div>\n<\/div>\n<\/div>\n<\/div>\n<\/div>\n<\/div>\n","protected":false},"featured_media":2577,"template":"","meta":{"_acf_changed":false,"_seopress_robots_primary_cat":"none","_seopress_titles_title":"","_seopress_titles_desc":"","_seopress_robots_index":""},"product_brand":[],"product_cat":[87],"product_tag":[101,126,102,127,100,99],"class_list":{"0":"post-2576","1":"product","2":"type-product","3":"status-publish","4":"has-post-thumbnail","6":"product_cat-occhi","7":"product_tag-100-naturale","8":"product_tag-126","9":"product_tag-cosmesi-bio","10":"product_tag-primer-occhi-fluido","11":"product_tag-ricaricabile","12":"product_tag-trucco-vegan","14":"first","15":"instock","16":"shipping-taxable","17":"purchasable","18":"product-type-simple"},"acf":[],"jetpack_sharing_enabled":true,"_links":{"self":[{"href":"https:\/\/makeupbyrenata.ch\/de\/wp-json\/wp\/v2\/product\/2576","targetHints":{"allow":["GET"]}}],"collection":[{"href":"https:\/\/makeupbyrenata.ch\/de\/wp-json\/wp\/v2\/product"}],"about":[{"href":"https:\/\/makeupbyrenata.ch\/de\/wp-json\/wp\/v2\/types\/product"}],"wp:featuredmedia":[{"embeddable":true,"href":"https:\/\/makeupbyrenata.ch\/de\/wp-json\/wp\/v2\/media\/2577"}],"wp:attachment":[{"href":"https:\/\/makeupbyrenata.ch\/de\/wp-json\/wp\/v2\/media?parent=2576"}],"wp:term":[{"taxonomy":"product_brand","embeddable":true,"href":"https:\/\/makeupbyrenata.ch\/de\/wp-json\/wp\/v2\/product_brand?post=2576"},{"taxonomy":"product_cat","embeddable":true,"href":"https:\/\/makeupbyrenata.ch\/de\/wp-json\/wp\/v2\/product_cat?post=2576"},{"taxonomy":"product_tag","embeddable":true,"href":"https:\/\/makeupbyrenata.ch\/de\/wp-json\/wp\/v2\/product_tag?post=2576"}],"curies":[{"name":"wp","href":"https:\/\/api.w.org\/{rel}","templated":true}]}}

<div class="page" title="Page 27">
<div class="section">
<div class="layoutArea">
<div class="column">
<p>INGREDIENTI CHIAVE:</p>
<ul>
<li>Polvere di bambù (Bambusa arundinacea stem powder): sostanza bianca estratta dalle giunture del bambù. Grazie al suo elevato tenore in silice organica, remineralizza, idrata e partecipa alla rigenerazione della pelle attenuando il lucido delle pelli miste a grasse.</li>
<li>Gel d’aloe vera bio (Aloe barbadensis leaf juice): noto per le sue virtù ammorbidenti e lenitive, il gel d’aloe vera bio ripara e lenisce i contorni degli occhi più fragili.</li>
<li>Squalane vegetale (Squalane): estratto dall’olio d’oliva, lo squalano vegetale è un derivato dello squalene, che è un componente naturale del sebo umano. La sua eccellente affinità con la pelle, la sua somiglianza con i lipidi cutanei naturali e le sue proprietà emollienti lo rendono l’attivo ideale. Rafforza la barriera idrolipidica cutanea, ammorbidisce la pelle e la protegge dalla disidratazione.</li>
</ul>
</div>
</div>
</div>
</div>

<div class="page" title="Page 27">
<div class="section">
<div class="layoutArea">
<div class="column">
<div class="page" title="Page 26">
<div class="section">
<div class="layoutArea">
<div class="column">
<div class="page" title="Page 27">
<div class="section">
<div class="layoutArea">
<div class="column">
<p>Il Primer occhi fluido 258 è una base perfetta per prolungare la tenuta di tutti gli ombretti e delle matite. Permette di fissare gli ombretti e ad intensificarne il loro colore. Al 100% d’origine naturale, bio e vegan, la formula del Primer occhi fluido Zao contiene dell&#8217;Aloe Vera idratante per decongestionare e lenire gli occhi sensibili.</p>
</div>
</div>
</div>
</div>
</div>
</div>
</div>
</div>
</div>
</div>
</div>
</div>
